{"id":18936,"date":"2025-02-18T10:24:41","date_gmt":"2025-02-18T10:24:41","guid":{"rendered":"https:\/\/maatene.com\/?page_id=18936"},"modified":"2025-09-16T14:21:31","modified_gmt":"2025-09-16T14:21:31","slug":"forum","status":"publish","type":"page","link":"https:\/\/maatene.com\/?page_id=18936","title":{"rendered":"Forum"},"content":{"rendered":"\t\t<div data-elementor-type=\"wp-page\" data-elementor-id=\"18936\" class=\"elementor elementor-18936\">\n\t\t\t\t<div class=\"elementor-element elementor-element-f71e74c e-flex e-con-boxed e-con e-parent\" data-id=\"f71e74c\" data-element_type=\"container\">\n\t\t\t\t\t<div class=\"e-con-inner\">\n\t\t\t\t<div class=\"elementor-element elementor-element-64d5c6f elementor-widget elementor-widget-heading\" data-id=\"64d5c6f\" data-element_type=\"widget\" data-widget_type=\"heading.default\">\n\t\t\t\t<div class=\"elementor-widget-container\">\n\t\t\t\t\t<h2 class=\"elementor-heading-title elementor-size-default\">Forum<\/h2>\t\t\t\t<\/div>\n\t\t\t\t<\/div>\n\t\t\t\t<div class=\"elementor-element elementor-element-4ec24db elementor-hidden-tablet elementor-hidden-mobile elementor-widget-divider--view-line elementor-widget elementor-widget-divider\" data-id=\"4ec24db\" data-element_type=\"widget\" data-widget_type=\"divider.default\">\n\t\t\t\t<div class=\"elementor-widget-container\">\n\t\t\t\t\t\t\t<div class=\"elementor-divider\">\n\t\t\t<span class=\"elementor-divider-separator\">\n\t\t\t\t\t\t<\/span>\n\t\t<\/div>\n\t\t\t\t\t\t<\/div>\n\t\t\t\t<\/div>\n\t\t\t\t<div class=\"elementor-element elementor-element-c7b10ea elementor-widget elementor-widget-gimont_elementor_blog\" data-id=\"c7b10ea\" data-element_type=\"widget\" data-widget_type=\"gimont_elementor_blog.default\">\n\t\t\t\t<div class=\"elementor-widget-container\">\n\t\t\t\t\t\n\t\t\t<ul class=\"ova-blog column_3 version_1 v1_template_1\">\n\n\t\t\t  \t\n\t\t\t\t  \t<li class=\"item\">\n\n\t\t\t\t\t  \t<div class=\"media\">\n\n\t\t\t\t\t\t  \t\n\t\t\t\t\t\t  \t<div class=\"box-img\">\n\t\t\t\t\t\t  \t\t<a href=\"https:\/\/maatene.com\/?p=21674\" rel=\"bookmark\" title=\"Le neem : l\u2019arbre qui soigne et embellit\">\n\t\t\t\t\t\t\t\t  \t<img decoding=\"async\" src=\"https:\/\/maatene.com\/wp-content\/uploads\/2026\/01\/Neem-tree-\ud83c\udf32-image-566x520.jpg\" alt=\"Le neem : l\u2019arbre qui soigne et embellit\">\n\t\t\t\t\t\t\t  \t<\/a>\n\t\t\t\t\t\t  \t<\/div>\n\n\t\t\t\t\t\t\t\n\t\t\t\t\t\t\t\n\t\t\t\t\t  \t<\/div>\n\n\t\t\t\t\t  \t<div class=\"content\">\n\t\t\t\t\t\t\t\t\n\t\t\t\t\t\t  \t<ul class=\"post-meta\">\n\n\t\t\t\t\t\t  \t\t\t\t\t\t\t\t\t\t\n\t\t\t\t\t\t\t  \t\n\t\t\t\t\t\t\t  \t\n\t\t\t\t\t\t  \t<\/ul>\n\t\t\t\t\t\t  \n\t\t\t\t\t\t  \t\t\t\t\t\t\t\t  \t<h2 class=\"post-title\">\n\t\t\t\t\t\t\t\t  \t<a href=\"https:\/\/maatene.com\/?p=21674\" rel=\"bookmark\" title=\"Le neem : l\u2019arbre qui soigne et embellit\">\n\t\t\t\t\t\t\t\t\t\tLe neem : l\u2019arbre qui soigne et embellit\t\t\t\t\t\t\t\t  \t<\/a>\n\t\t\t\t\t\t\t  \t<\/h2>\n\t\t\t\t\t\t  \t\n\t\t\t\t\t\t  \t\n\t\t\t\t\t\t  \t\n\t\t\t\t\t\t  \t\t\n\n\t\t\t\t\t\t<\/div>\n\t\t\t\t\t  \n\t\t\t\t\t<\/li>\t\n\n\t\t\t  \n\t\t\t\t  \t<li class=\"item\">\n\n\t\t\t\t\t  \t<div class=\"media\">\n\n\t\t\t\t\t\t  \t\n\t\t\t\t\t\t  \t<div class=\"box-img\">\n\t\t\t\t\t\t  \t\t<a href=\"https:\/\/maatene.com\/?p=21155\" rel=\"bookmark\" title=\"Clou de girofle et fertilit\u00e9 : un rem\u00e8de ancestral\">\n\t\t\t\t\t\t\t\t  \t<img decoding=\"async\" src=\"https:\/\/maatene.com\/wp-content\/uploads\/2025\/09\/image-26vf-668x520.jpg\" alt=\"Clou de girofle et fertilit\u00e9 : un rem\u00e8de ancestral\">\n\t\t\t\t\t\t\t  \t<\/a>\n\t\t\t\t\t\t  \t<\/div>\n\n\t\t\t\t\t\t\t\n\t\t\t\t\t\t\t\n\t\t\t\t\t  \t<\/div>\n\n\t\t\t\t\t  \t<div class=\"content\">\n\t\t\t\t\t\t\t\t\n\t\t\t\t\t\t  \t<ul class=\"post-meta\">\n\n\t\t\t\t\t\t  \t\t\t\t\t\t\t\t\t\t\n\t\t\t\t\t\t\t  \t\n\t\t\t\t\t\t\t  \t\n\t\t\t\t\t\t  \t<\/ul>\n\t\t\t\t\t\t  \n\t\t\t\t\t\t  \t\t\t\t\t\t\t\t  \t<h2 class=\"post-title\">\n\t\t\t\t\t\t\t\t  \t<a href=\"https:\/\/maatene.com\/?p=21155\" rel=\"bookmark\" title=\"Clou de girofle et fertilit\u00e9 : un rem\u00e8de ancestral\">\n\t\t\t\t\t\t\t\t\t\tClou de girofle et fertilit\u00e9 : un rem\u00e8de ancestral\t\t\t\t\t\t\t\t  \t<\/a>\n\t\t\t\t\t\t\t  \t<\/h2>\n\t\t\t\t\t\t  \t\n\t\t\t\t\t\t  \t\n\t\t\t\t\t\t  \t\n\t\t\t\t\t\t  \t\t\n\n\t\t\t\t\t\t<\/div>\n\t\t\t\t\t  \n\t\t\t\t\t<\/li>\t\n\n\t\t\t  \n\t\t\t\t  \t<li class=\"item\">\n\n\t\t\t\t\t  \t<div class=\"media\">\n\n\t\t\t\t\t\t  \t\n\t\t\t\t\t\t  \t<div class=\"box-img\">\n\t\t\t\t\t\t  \t\t<a href=\"https:\/\/maatene.com\/?p=21152\" rel=\"bookmark\" title=\"Le clou de girofle et la sant\u00e9 bucco-dentaire\">\n\t\t\t\t\t\t\t\t  \t<img decoding=\"async\" src=\"https:\/\/maatene.com\/wp-content\/uploads\/2025\/04\/closeup-clove-texture-1-668x520.jpg\" alt=\"Le clou de girofle et la sant\u00e9 bucco-dentaire\">\n\t\t\t\t\t\t\t  \t<\/a>\n\t\t\t\t\t\t  \t<\/div>\n\n\t\t\t\t\t\t\t\n\t\t\t\t\t\t\t\n\t\t\t\t\t  \t<\/div>\n\n\t\t\t\t\t  \t<div class=\"content\">\n\t\t\t\t\t\t\t\t\n\t\t\t\t\t\t  \t<ul class=\"post-meta\">\n\n\t\t\t\t\t\t  \t\t\t\t\t\t\t\t\t\t\n\t\t\t\t\t\t\t  \t\n\t\t\t\t\t\t\t  \t\n\t\t\t\t\t\t  \t<\/ul>\n\t\t\t\t\t\t  \n\t\t\t\t\t\t  \t\t\t\t\t\t\t\t  \t<h2 class=\"post-title\">\n\t\t\t\t\t\t\t\t  \t<a href=\"https:\/\/maatene.com\/?p=21152\" rel=\"bookmark\" title=\"Le clou de girofle et la sant\u00e9 bucco-dentaire\">\n\t\t\t\t\t\t\t\t\t\tLe clou de girofle et la sant\u00e9 bucco-dentaire\t\t\t\t\t\t\t\t  \t<\/a>\n\t\t\t\t\t\t\t  \t<\/h2>\n\t\t\t\t\t\t  \t\n\t\t\t\t\t\t  \t\n\t\t\t\t\t\t  \t\n\t\t\t\t\t\t  \t\t\n\n\t\t\t\t\t\t<\/div>\n\t\t\t\t\t  \n\t\t\t\t\t<\/li>\t\n\n\t\t\t  \n\t\t\t\t  \t<li class=\"item\">\n\n\t\t\t\t\t  \t<div class=\"media\">\n\n\t\t\t\t\t\t  \t\n\t\t\t\t\t\t  \t<div class=\"box-img\">\n\t\t\t\t\t\t  \t\t<a href=\"https:\/\/maatene.com\/?p=21149\" rel=\"bookmark\" title=\"Le fruit \u00e0 quatre c\u00f4tes : un secret de fertilit\u00e9 ancestral\">\n\t\t\t\t\t\t\t\t  \t<img decoding=\"async\" src=\"https:\/\/maatene.com\/wp-content\/uploads\/2025\/09\/image-25-668x520.png\" alt=\"Le fruit \u00e0 quatre c\u00f4tes : un secret de fertilit\u00e9 ancestral\">\n\t\t\t\t\t\t\t  \t<\/a>\n\t\t\t\t\t\t  \t<\/div>\n\n\t\t\t\t\t\t\t\n\t\t\t\t\t\t\t\n\t\t\t\t\t  \t<\/div>\n\n\t\t\t\t\t  \t<div class=\"content\">\n\t\t\t\t\t\t\t\t\n\t\t\t\t\t\t  \t<ul class=\"post-meta\">\n\n\t\t\t\t\t\t  \t\t\t\t\t\t\t\t\t\t\n\t\t\t\t\t\t\t  \t\n\t\t\t\t\t\t\t  \t\n\t\t\t\t\t\t  \t<\/ul>\n\t\t\t\t\t\t  \n\t\t\t\t\t\t  \t\t\t\t\t\t\t\t  \t<h2 class=\"post-title\">\n\t\t\t\t\t\t\t\t  \t<a href=\"https:\/\/maatene.com\/?p=21149\" rel=\"bookmark\" title=\"Le fruit \u00e0 quatre c\u00f4tes : un secret de fertilit\u00e9 ancestral\">\n\t\t\t\t\t\t\t\t\t\tLe fruit \u00e0 quatre c\u00f4tes : un secret de fertilit\u00e9 ancestral\t\t\t\t\t\t\t\t  \t<\/a>\n\t\t\t\t\t\t\t  \t<\/h2>\n\t\t\t\t\t\t  \t\n\t\t\t\t\t\t  \t\n\t\t\t\t\t\t  \t\n\t\t\t\t\t\t  \t\t\n\n\t\t\t\t\t\t<\/div>\n\t\t\t\t\t  \n\t\t\t\t\t<\/li>\t\n\n\t\t\t  \n\t\t\t\t  \t<li class=\"item\">\n\n\t\t\t\t\t  \t<div class=\"media\">\n\n\t\t\t\t\t\t  \t\n\t\t\t\t\t\t  \t<div class=\"box-img\">\n\t\t\t\t\t\t  \t\t<a href=\"https:\/\/maatene.com\/?p=21146\" rel=\"bookmark\" title=\"Le moringa : l&#8217;arbre aux mille vertus et son usage traditionnel\">\n\t\t\t\t\t\t\t\t  \t<img decoding=\"async\" src=\"https:\/\/maatene.com\/wp-content\/uploads\/2025\/09\/image-24-668x520.png\" alt=\"Le moringa : l&#8217;arbre aux mille vertus et son usage traditionnel\">\n\t\t\t\t\t\t\t  \t<\/a>\n\t\t\t\t\t\t  \t<\/div>\n\n\t\t\t\t\t\t\t\n\t\t\t\t\t\t\t\n\t\t\t\t\t  \t<\/div>\n\n\t\t\t\t\t  \t<div class=\"content\">\n\t\t\t\t\t\t\t\t\n\t\t\t\t\t\t  \t<ul class=\"post-meta\">\n\n\t\t\t\t\t\t  \t\t\t\t\t\t\t\t\t\t\n\t\t\t\t\t\t\t  \t\n\t\t\t\t\t\t\t  \t\n\t\t\t\t\t\t  \t<\/ul>\n\t\t\t\t\t\t  \n\t\t\t\t\t\t  \t\t\t\t\t\t\t\t  \t<h2 class=\"post-title\">\n\t\t\t\t\t\t\t\t  \t<a href=\"https:\/\/maatene.com\/?p=21146\" rel=\"bookmark\" title=\"Le moringa : l&#8217;arbre aux mille vertus et son usage traditionnel\">\n\t\t\t\t\t\t\t\t\t\tLe moringa : l&#8217;arbre aux mille vertus et son usage traditionnel\t\t\t\t\t\t\t\t  \t<\/a>\n\t\t\t\t\t\t\t  \t<\/h2>\n\t\t\t\t\t\t  \t\n\t\t\t\t\t\t  \t\n\t\t\t\t\t\t  \t\n\t\t\t\t\t\t  \t\t\n\n\t\t\t\t\t\t<\/div>\n\t\t\t\t\t  \n\t\t\t\t\t<\/li>\t\n\n\t\t\t  \n\t\t\t\t  \t<li class=\"item\">\n\n\t\t\t\t\t  \t<div class=\"media\">\n\n\t\t\t\t\t\t  \t\n\t\t\t\t\t\t  \t<div class=\"box-img\">\n\t\t\t\t\t\t  \t\t<a href=\"https:\/\/maatene.com\/?p=21140\" rel=\"bookmark\" title=\"Le baobab : l&#8217;arbre de vie et ses bienfaits\">\n\t\t\t\t\t\t\t\t  \t<img decoding=\"async\" src=\"https:\/\/maatene.com\/wp-content\/uploads\/2025\/04\/baobab-b.avif\" alt=\"Le baobab : l&#8217;arbre de vie et ses bienfaits\">\n\t\t\t\t\t\t\t  \t<\/a>\n\t\t\t\t\t\t  \t<\/div>\n\n\t\t\t\t\t\t\t\n\t\t\t\t\t\t\t\n\t\t\t\t\t  \t<\/div>\n\n\t\t\t\t\t  \t<div class=\"content\">\n\t\t\t\t\t\t\t\t\n\t\t\t\t\t\t  \t<ul class=\"post-meta\">\n\n\t\t\t\t\t\t  \t\t\t\t\t\t\t\t\t\t\n\t\t\t\t\t\t\t  \t\n\t\t\t\t\t\t\t  \t\n\t\t\t\t\t\t  \t<\/ul>\n\t\t\t\t\t\t  \n\t\t\t\t\t\t  \t\t\t\t\t\t\t\t  \t<h2 class=\"post-title\">\n\t\t\t\t\t\t\t\t  \t<a href=\"https:\/\/maatene.com\/?p=21140\" rel=\"bookmark\" title=\"Le baobab : l&#8217;arbre de vie et ses bienfaits\">\n\t\t\t\t\t\t\t\t\t\tLe baobab : l&#8217;arbre de vie et ses bienfaits\t\t\t\t\t\t\t\t  \t<\/a>\n\t\t\t\t\t\t\t  \t<\/h2>\n\t\t\t\t\t\t  \t\n\t\t\t\t\t\t  \t\n\t\t\t\t\t\t  \t\n\t\t\t\t\t\t  \t\t\n\n\t\t\t\t\t\t<\/div>\n\t\t\t\t\t  \n\t\t\t\t\t<\/li>\t\n\n\t\t\t  \n\t\t\t\t  \t<li class=\"item\">\n\n\t\t\t\t\t  \t<div class=\"media\">\n\n\t\t\t\t\t\t  \t\n\t\t\t\t\t\t  \t<div class=\"box-img\">\n\t\t\t\t\t\t  \t\t<a href=\"https:\/\/maatene.com\/?p=20916\" rel=\"bookmark\" title=\"Le moringa : l&#8217;arbre aux mille vertus et son usage traditionnel\">\n\t\t\t\t\t\t\t\t  \t<img decoding=\"async\" src=\"https:\/\/maatene.com\/wp-content\/uploads\/2025\/04\/moringa-668x520.jpg\" alt=\"Le moringa : l&#8217;arbre aux mille vertus et son usage traditionnel\">\n\t\t\t\t\t\t\t  \t<\/a>\n\t\t\t\t\t\t  \t<\/div>\n\n\t\t\t\t\t\t\t\n\t\t\t\t\t\t\t\n\t\t\t\t\t  \t<\/div>\n\n\t\t\t\t\t  \t<div class=\"content\">\n\t\t\t\t\t\t\t\t\n\t\t\t\t\t\t  \t<ul class=\"post-meta\">\n\n\t\t\t\t\t\t  \t\t\t\t\t\t\t\t\t\t\n\t\t\t\t\t\t\t  \t\n\t\t\t\t\t\t\t  \t\n\t\t\t\t\t\t  \t<\/ul>\n\t\t\t\t\t\t  \n\t\t\t\t\t\t  \t\t\t\t\t\t\t\t  \t<h2 class=\"post-title\">\n\t\t\t\t\t\t\t\t  \t<a href=\"https:\/\/maatene.com\/?p=20916\" rel=\"bookmark\" title=\"Le moringa : l&#8217;arbre aux mille vertus et son usage traditionnel\">\n\t\t\t\t\t\t\t\t\t\tLe moringa : l&#8217;arbre aux mille vertus et son usage traditionnel\t\t\t\t\t\t\t\t  \t<\/a>\n\t\t\t\t\t\t\t  \t<\/h2>\n\t\t\t\t\t\t  \t\n\t\t\t\t\t\t  \t\n\t\t\t\t\t\t  \t\n\t\t\t\t\t\t  \t\t\n\n\t\t\t\t\t\t<\/div>\n\t\t\t\t\t  \n\t\t\t\t\t<\/li>\t\n\n\t\t\t  \n\t\t\t<\/ul>\n\n\t\t\t\t\t\t<\/div>\n\t\t\t\t<\/div>\n\t\t\t\t<div class=\"elementor-element elementor-element-057d9d0 elementor-widget elementor-widget-spacer\" data-id=\"057d9d0\" data-element_type=\"widget\" data-widget_type=\"spacer.default\">\n\t\t\t\t<div class=\"elementor-widget-container\">\n\t\t\t\t\t\t\t<div class=\"elementor-spacer\">\n\t\t\t<div class=\"elementor-spacer-inner\"><\/div>\n\t\t<\/div>\n\t\t\t\t\t\t<\/div>\n\t\t\t\t<\/div>\n\t\t\t\t\t<\/div>\n\t\t\t\t<\/div>\n\t\t\t\t<section class=\"elementor-section elementor-top-section elementor-element elementor-element-d70078f elementor-section-full_width elementor-section-height-default elementor-section-height-default\" data-id=\"d70078f\" data-element_type=\"section\">\n\t\t\t\t\t\t<div class=\"elementor-container elementor-column-gap-no\">\n\t\t\t\t\t<div class=\"elementor-column elementor-col-100 elementor-top-column elementor-element elementor-element-0593afc\" data-id=\"0593afc\" data-element_type=\"column\">\n\t\t\t<div class=\"elementor-widget-wrap elementor-element-populated\">\n\t\t\t\t\t\t<div class=\"elementor-element elementor-element-96b9048 elementor-widget elementor-widget-text-editor\" data-id=\"96b9048\" data-element_type=\"widget\" data-widget_type=\"text-editor.default\">\n\t\t\t\t<div class=\"elementor-widget-container\">\n\t\t\t\t\t\t\t\t\t<p>Forum communautaire : un espace d\u2019\u00e9change vivant\u00a0: Un lieu de dialogue pour faire vivre et transmettre notre patrimoine ensemble<\/p><p>Rejoignez une **<strong>plateforme interactive<\/strong>** o\u00f9 passionn\u00e9s et curieux peuvent discuter et partager sur la <strong>culture burkinab<\/strong><strong>\u00e8<\/strong>. Posez vos questions, \u00e9changez des id\u00e9es et approfondissez vos connaissances gr\u00e2ce \u00e0 des <strong>sections d<\/strong><strong>\u00e9di\u00e9es aux traditions et savoirs ancestraux<\/strong>.<\/p>\t\t\t\t\t\t\t\t<\/div>\n\t\t\t\t<\/div>\n\t\t\t\t\t<\/div>\n\t\t<\/div>\n\t\t\t\t\t<\/div>\n\t\t<\/section>\n\t\t\t\t<section class=\"elementor-section elementor-top-section elementor-element elementor-element-d05c2c6 elementor-section-full_width elementor-section-height-default elementor-section-height-default\" data-id=\"d05c2c6\" data-element_type=\"section\">\n\t\t\t\t\t\t<div class=\"elementor-container elementor-column-gap-default\">\n\t\t\t\t\t<div class=\"elementor-column elementor-col-50 elementor-top-column elementor-element elementor-element-17f28f9\" data-id=\"17f28f9\" data-element_type=\"column\">\n\t\t\t<div class=\"elementor-widget-wrap elementor-element-populated\">\n\t\t\t\t\t\t<div class=\"elementor-element elementor-element-bf5d8cf elementor-widget elementor-widget-gimont_elementor_icon_box\" data-id=\"bf5d8cf\" data-element_type=\"widget\" data-widget_type=\"gimont_elementor_icon_box.default\">\n\t\t\t\t<div class=\"elementor-widget-container\">\n\t\t\t\t\t\n\t\t<div class=\"ova-icon-box template_1\">\n\t\t\t<div class=\"icon\">\n\t\t\t\t<svg aria-hidden=\"true\" class=\"e-font-icon-svg e-fab-forumbee\" viewBox=\"0 0 448 512\" xmlns=\"http:\/\/www.w3.org\/2000\/svg\"><path d=\"M5.8 309.7C2 292.7 0 275.5 0 258.3 0 135 99.8 35 223.1 35c16.6 0 33.3 2 49.3 5.5C149 87.5 51.9 186 5.8 309.7zm392.9-189.2C385 103 369 87.8 350.9 75.2c-149.6 44.3-266.3 162.1-309.7 312 12.5 18.1 28 35.6 45.2 49 43.1-151.3 161.2-271.7 312.3-315.7zm15.8 252.7c15.2-25.1 25.4-53.7 29.5-82.8-79.4 42.9-145 110.6-187.6 190.3 30-4.4 58.9-15.3 84.6-31.3 35 13.1 70.9 24.3 107 33.6-9.3-36.5-20.4-74.5-33.5-109.8zm29.7-145.5c-2.6-19.5-7.9-38.7-15.8-56.8C290.5 216.7 182 327.5 137.1 466c18.1 7.6 37 12.5 56.6 15.2C240 367.1 330.5 274.4 444.2 227.7z\"><\/path><\/svg>\t\t\t<\/div>\n\n\t\t\t<div class=\"info\">\n\t\t\t\t\n\t\t\t\t<h3 class=\"title\">\u00c9change et partage<\/h3>\n\n\t\t\t\t\t\t\t\t\t<p class=\"desc\">\n\t\t\t\t\t\tUn espace interactif pour discuter et approfondir ses connaissances sur la culture burkinab\u00e8.\t\t\t\t\t<\/p>\n\t\t\t\t\t\t\t<\/div>\n\t\t<\/div>\n\n\t\t\t\t\t\t<\/div>\n\t\t\t\t<\/div>\n\t\t\t\t\t<\/div>\n\t\t<\/div>\n\t\t\t\t<div class=\"elementor-column elementor-col-50 elementor-top-column elementor-element elementor-element-b355e83\" data-id=\"b355e83\" data-element_type=\"column\">\n\t\t\t<div class=\"elementor-widget-wrap elementor-element-populated\">\n\t\t\t\t\t\t<div class=\"elementor-element elementor-element-0da7380 elementor-widget elementor-widget-gimont_elementor_icon_box\" data-id=\"0da7380\" data-element_type=\"widget\" data-widget_type=\"gimont_elementor_icon_box.default\">\n\t\t\t\t<div class=\"elementor-widget-container\">\n\t\t\t\t\t\n\t\t<div class=\"ova-icon-box template_1\">\n\t\t\t<div class=\"icon\">\n\t\t\t\t<svg aria-hidden=\"true\" class=\"e-font-icon-svg e-fab-discourse\" viewBox=\"0 0 448 512\" xmlns=\"http:\/\/www.w3.org\/2000\/svg\"><path d=\"M225.9 32C103.3 32 0 130.5 0 252.1 0 256 .1 480 .1 480l225.8-.2c122.7 0 222.1-102.3 222.1-223.9C448 134.3 348.6 32 225.9 32zM224 384c-19.4 0-37.9-4.3-54.4-12.1L88.5 392l22.9-75c-9.8-18.1-15.4-38.9-15.4-61 0-70.7 57.3-128 128-128s128 57.3 128 128-57.3 128-128 128z\"><\/path><\/svg>\t\t\t<\/div>\n\n\t\t\t<div class=\"info\">\n\t\t\t\t\n\t\t\t\t<h3 class=\"title\">Contribution collective<\/h3>\n\n\t\t\t\t\t\t\t\t\t<p class=\"desc\">\n\t\t\t\t\t\tPartagez vos t\u00e9moignages, exp\u00e9riences et d\u00e9couvertes avec la communaut\u00e9.\t\t\t\t\t<\/p>\n\t\t\t\t\t\t\t<\/div>\n\t\t<\/div>\n\n\t\t\t\t\t\t<\/div>\n\t\t\t\t<\/div>\n\t\t\t\t\t<\/div>\n\t\t<\/div>\n\t\t\t\t\t<\/div>\n\t\t<\/section>\n\t\t\t\t<section class=\"elementor-section elementor-top-section elementor-element elementor-element-e14b1bc elementor-section-content-middle elementor-section-full_width elementor-section-height-default elementor-section-height-default\" data-id=\"e14b1bc\" data-element_type=\"section\">\n\t\t\t\t\t\t<div class=\"elementor-container elementor-column-gap-no\">\n\t\t\t\t\t<div class=\"elementor-column elementor-col-50 elementor-top-column elementor-element elementor-element-a1a90a5\" data-id=\"a1a90a5\" data-element_type=\"column\">\n\t\t\t<div class=\"elementor-widget-wrap elementor-element-populated\">\n\t\t\t\t\t\t<div class=\"elementor-element elementor-element-8fa6139 elementor-widget__width-initial elementor-invisible elementor-widget elementor-widget-image\" data-id=\"8fa6139\" data-element_type=\"widget\" data-settings=\"{&quot;_animation&quot;:&quot;fadeInLeft&quot;}\" data-widget_type=\"image.default\">\n\t\t\t\t<div class=\"elementor-widget-container\">\n\t\t\t\t\t\t\t\t\t\t\t\t\t\t\t<img fetchpriority=\"high\" decoding=\"async\" width=\"800\" height=\"800\" src=\"https:\/\/maatene.com\/wp-content\/uploads\/2025\/05\/ChatGPT-Image-13-mai-2025-a-11_33_55.png\" class=\"attachment-large size-large wp-image-20531\" alt=\"\" srcset=\"https:\/\/maatene.com\/wp-content\/uploads\/2025\/05\/ChatGPT-Image-13-mai-2025-a-11_33_55.png 1024w, https:\/\/maatene.com\/wp-content\/uploads\/2025\/05\/ChatGPT-Image-13-mai-2025-a-11_33_55-300x300.png 300w, https:\/\/maatene.com\/wp-content\/uploads\/2025\/05\/ChatGPT-Image-13-mai-2025-a-11_33_55-150x150.png 150w, https:\/\/maatene.com\/wp-content\/uploads\/2025\/05\/ChatGPT-Image-13-mai-2025-a-11_33_55-768x768.png 768w, https:\/\/maatene.com\/wp-content\/uploads\/2025\/05\/ChatGPT-Image-13-mai-2025-a-11_33_55-600x600.png 600w\" sizes=\"(max-width: 800px) 100vw, 800px\" \/>\t\t\t\t\t\t\t\t\t\t\t\t\t\t\t<\/div>\n\t\t\t\t<\/div>\n\t\t\t\t\t<\/div>\n\t\t<\/div>\n\t\t\t\t<div class=\"elementor-column elementor-col-50 elementor-top-column elementor-element elementor-element-bb723b2\" data-id=\"bb723b2\" data-element_type=\"column\">\n\t\t\t<div class=\"elementor-widget-wrap elementor-element-populated\">\n\t\t\t\t\t\t<div class=\"elementor-element elementor-element-22af9e2 elementor-widget elementor-widget-heading\" data-id=\"22af9e2\" data-element_type=\"widget\" data-widget_type=\"heading.default\">\n\t\t\t\t<div class=\"elementor-widget-container\">\n\t\t\t\t\t<h2 class=\"elementor-heading-title elementor-size-default\">Conseils<\/h2>\t\t\t\t<\/div>\n\t\t\t\t<\/div>\n\t\t\t\t<div class=\"elementor-element elementor-element-0855bb2 elementor-widget elementor-widget-text-editor\" data-id=\"0855bb2\" data-element_type=\"widget\" data-widget_type=\"text-editor.default\">\n\t\t\t\t<div class=\"elementor-widget-container\">\n\t\t\t\t\t\t\t\t\t<p><em>Un espace vivant pour dialoguer et apprendre ensemble sur notre riche patrimoine.<\/em><\/p>\t\t\t\t\t\t\t\t<\/div>\n\t\t\t\t<\/div>\n\t\t\t\t<div class=\"elementor-element elementor-element-b26a253 elementor-icon-list--layout-traditional elementor-list-item-link-full_width elementor-widget elementor-widget-icon-list\" data-id=\"b26a253\" data-element_type=\"widget\" data-widget_type=\"icon-list.default\">\n\t\t\t\t<div class=\"elementor-widget-container\">\n\t\t\t\t\t\t\t<ul class=\"elementor-icon-list-items\">\n\t\t\t\t\t\t\t<li class=\"elementor-icon-list-item\">\n\t\t\t\t\t\t\t\t\t\t\t<span class=\"elementor-icon-list-icon\">\n\t\t\t\t\t\t\t<svg aria-hidden=\"true\" class=\"e-font-icon-svg e-fas-arrow-alt-circle-right\" viewBox=\"0 0 512 512\" xmlns=\"http:\/\/www.w3.org\/2000\/svg\"><path d=\"M256 8c137 0 248 111 248 248S393 504 256 504 8 393 8 256 119 8 256 8zM140 300h116v70.9c0 10.7 13 16.1 20.5 8.5l114.3-114.9c4.7-4.7 4.7-12.2 0-16.9l-114.3-115c-7.6-7.6-20.5-2.2-20.5 8.5V212H140c-6.6 0-12 5.4-12 12v64c0 6.6 5.4 12 12 12z\"><\/path><\/svg>\t\t\t\t\t\t<\/span>\n\t\t\t\t\t\t\t\t\t\t<span class=\"elementor-icon-list-text\">Posez des questions et participez aux discussions pour enrichir vos connaissances.<\/span>\n\t\t\t\t\t\t\t\t\t<\/li>\n\t\t\t\t\t\t\t\t<li class=\"elementor-icon-list-item\">\n\t\t\t\t\t\t\t\t\t\t\t<span class=\"elementor-icon-list-icon\">\n\t\t\t\t\t\t\t<svg aria-hidden=\"true\" class=\"e-font-icon-svg e-fas-arrow-alt-circle-right\" viewBox=\"0 0 512 512\" xmlns=\"http:\/\/www.w3.org\/2000\/svg\"><path d=\"M256 8c137 0 248 111 248 248S393 504 256 504 8 393 8 256 119 8 256 8zM140 300h116v70.9c0 10.7 13 16.1 20.5 8.5l114.3-114.9c4.7-4.7 4.7-12.2 0-16.9l-114.3-115c-7.6-7.6-20.5-2.2-20.5 8.5V212H140c-6.6 0-12 5.4-12 12v64c0 6.6 5.4 12 12 12z\"><\/path><\/svg>\t\t\t\t\t\t<\/span>\n\t\t\t\t\t\t\t\t\t\t<span class=\"elementor-icon-list-text\">Respectez les avis et exp\u00e9riences de chacun dans les \u00e9changes.<\/span>\n\t\t\t\t\t\t\t\t\t<\/li>\n\t\t\t\t\t\t\t\t<li class=\"elementor-icon-list-item\">\n\t\t\t\t\t\t\t\t\t\t\t<span class=\"elementor-icon-list-icon\">\n\t\t\t\t\t\t\t<svg aria-hidden=\"true\" class=\"e-font-icon-svg e-fas-arrow-alt-circle-right\" viewBox=\"0 0 512 512\" xmlns=\"http:\/\/www.w3.org\/2000\/svg\"><path d=\"M256 8c137 0 248 111 248 248S393 504 256 504 8 393 8 256 119 8 256 8zM140 300h116v70.9c0 10.7 13 16.1 20.5 8.5l114.3-114.9c4.7-4.7 4.7-12.2 0-16.9l-114.3-115c-7.6-7.6-20.5-2.2-20.5 8.5V212H140c-6.6 0-12 5.4-12 12v64c0 6.6 5.4 12 12 12z\"><\/path><\/svg>\t\t\t\t\t\t<\/span>\n\t\t\t\t\t\t\t\t\t\t<span class=\"elementor-icon-list-text\">Partagez vos d\u00e9couvertes culturelles avec la communaut\u00e9.<\/span>\n\t\t\t\t\t\t\t\t\t<\/li>\n\t\t\t\t\t\t\t\t<li class=\"elementor-icon-list-item\">\n\t\t\t\t\t\t\t\t\t\t\t<span class=\"elementor-icon-list-icon\">\n\t\t\t\t\t\t\t<svg aria-hidden=\"true\" class=\"e-font-icon-svg e-fas-arrow-alt-circle-right\" viewBox=\"0 0 512 512\" xmlns=\"http:\/\/www.w3.org\/2000\/svg\"><path d=\"M256 8c137 0 248 111 248 248S393 504 256 504 8 393 8 256 119 8 256 8zM140 300h116v70.9c0 10.7 13 16.1 20.5 8.5l114.3-114.9c4.7-4.7 4.7-12.2 0-16.9l-114.3-115c-7.6-7.6-20.5-2.2-20.5 8.5V212H140c-6.6 0-12 5.4-12 12v64c0 6.6 5.4 12 12 12z\"><\/path><\/svg>\t\t\t\t\t\t<\/span>\n\t\t\t\t\t\t\t\t\t\t<span class=\"elementor-icon-list-text\">Invitez des experts ou des anciens \u00e0 t\u00e9moigner pour enrichir les d\u00e9bats.<\/span>\n\t\t\t\t\t\t\t\t\t<\/li>\n\t\t\t\t\t\t\t\t<li class=\"elementor-icon-list-item\">\n\t\t\t\t\t\t\t\t\t\t\t<span class=\"elementor-icon-list-icon\">\n\t\t\t\t\t\t\t<svg aria-hidden=\"true\" class=\"e-font-icon-svg e-fas-arrow-alt-circle-right\" viewBox=\"0 0 512 512\" xmlns=\"http:\/\/www.w3.org\/2000\/svg\"><path d=\"M256 8c137 0 248 111 248 248S393 504 256 504 8 393 8 256 119 8 256 8zM140 300h116v70.9c0 10.7 13 16.1 20.5 8.5l114.3-114.9c4.7-4.7 4.7-12.2 0-16.9l-114.3-115c-7.6-7.6-20.5-2.2-20.5 8.5V212H140c-6.6 0-12 5.4-12 12v64c0 6.6 5.4 12 12 12z\"><\/path><\/svg>\t\t\t\t\t\t<\/span>\n\t\t\t\t\t\t\t\t\t\t<span class=\"elementor-icon-list-text\">Contribuez activement pour faire vivre la plateforme.<\/span>\n\t\t\t\t\t\t\t\t\t<\/li>\n\t\t\t\t\t\t<\/ul>\n\t\t\t\t\t\t<\/div>\n\t\t\t\t<\/div>\n\t\t\t\t\t<\/div>\n\t\t<\/div>\n\t\t\t\t\t<\/div>\n\t\t<\/section>\n\t\t<div class=\"elementor-element elementor-element-dc981b1 e-flex e-con-boxed e-con e-parent\" data-id=\"dc981b1\" data-element_type=\"container\">\n\t\t\t\t\t<div class=\"e-con-inner\">\n\t\t\t\t<div class=\"elementor-element elementor-element-f248c3d elementor-widget elementor-widget-shortcode\" data-id=\"f248c3d\" data-element_type=\"widget\" data-widget_type=\"shortcode.default\">\n\t\t\t\t<div class=\"elementor-widget-container\">\n\t\t\t\t\t\t\t<div class=\"elementor-shortcode\"><\/div>\n\t\t\t\t\t\t<\/div>\n\t\t\t\t<\/div>\n\t\t\t\t\t<\/div>\n\t\t\t\t<\/div>\n\t\t\t\t<\/div>\n\t\t","protected":false},"excerpt":{"rendered":"<p>Forum Clou de girofle et fertilit\u00e9 : un rem\u00e8de ancestral Le clou de girofle et la sant\u00e9 bucco-dentaire Le fruit \u00e0 quatre c\u00f4tes : un secret de fertilit\u00e9 ancestral Le moringa : l&#8217;arbre aux mille vertus et son usage traditionnel Le baobab : l&#8217;arbre de vie et ses bienfaits Le moringa : l&#8217;arbre aux mille [&hellip;]<\/p>\n","protected":false},"author":1,"featured_media":0,"parent":0,"menu_order":0,"comment_status":"closed","ping_status":"closed","template":"","meta":{"_bbp_topic_count":0,"_bbp_reply_count":0,"_bbp_total_topic_count":0,"_bbp_total_reply_count":0,"_bbp_voice_count":0,"_bbp_anonymous_reply_count":0,"_bbp_topic_count_hidden":0,"_bbp_reply_count_hidden":0,"_bbp_forum_subforum_count":0,"om_disable_all_campaigns":false,"ngg_post_thumbnail":0,"footnotes":""},"class_list":["post-18936","page","type-page","status-publish","hentry"],"aioseo_notices":[],"_links":{"self":[{"href":"https:\/\/maatene.com\/index.php?rest_route=\/wp\/v2\/pages\/18936","targetHints":{"allow":["GET"]}}],"collection":[{"href":"https:\/\/maatene.com\/index.php?rest_route=\/wp\/v2\/pages"}],"about":[{"href":"https:\/\/maatene.com\/index.php?rest_route=\/wp\/v2\/types\/page"}],"author":[{"embeddable":true,"href":"https:\/\/maatene.com\/index.php?rest_route=\/wp\/v2\/users\/1"}],"replies":[{"embeddable":true,"href":"https:\/\/maatene.com\/index.php?rest_route=%2Fwp%2Fv2%2Fcomments&post=18936"}],"version-history":[{"count":28,"href":"https:\/\/maatene.com\/index.php?rest_route=\/wp\/v2\/pages\/18936\/revisions"}],"predecessor-version":[{"id":21278,"href":"https:\/\/maatene.com\/index.php?rest_route=\/wp\/v2\/pages\/18936\/revisions\/21278"}],"wp:attachment":[{"href":"https:\/\/maatene.com\/index.php?rest_route=%2Fwp%2Fv2%2Fmedia&parent=18936"}],"curies":[{"name":"wp","href":"https:\/\/api.w.org\/{rel}","templated":true}]}}